 d. What is the units digit of y?
7
Suppose -15*y + 5 = -20*y. Let m = 38 - y. Suppose 0 = -4*f + 5 + m. What is the tens digit of f?
1
Let o = 1194 + -981. What is the tens digit of o?
1
Suppose 3*s = s + 14. Suppose 66*u - 58*u + 704 = 0. What is the units digit of (u/28 - -4)*s?
6
Let z(p) = -p - 1. Let a(f) = -3*f + 4. Let x(y) = -a(y) - 2*z(y). Suppose -12*u = -17*u + 25. What is the tens digit of x(u)?
2
Let d(j) = 81*j**2 - 5*j - 7. What is the thousands digit of d(4)?
1
Suppose -5*u + 7*u = 56. Let a be u/(-98) + (-138)/7. Let c = a + 27. What is the units digit of c?
7
Let d = -61 + 126. Suppose 2*o = 7*o - d. Let r(s) = s**3 - 12*s**2 - 13*s + 14. What is the units digit of r(o)?
4
Let n = 2265 + -1612. What is the units digit of n?
3
Suppose -590 = -3*y + 571. What is the tens digit of y?
8
Let v = 400 - 760. Let y = v - -651. What is the tens digit of y?
9
Let t be 22 + -23 - (0 - 5). Suppose 3*m + f = 502, t*m = -0*m - 3*f + 676. What is the units digit of m?
6
Let f(d) = 2*d**3 - 4*d**2 + 14*d - 62. What is the tens digit of f(4)?
5
Let o be (-36)/18*(-595)/2. Let s = o + -423. What is the tens digit of s?
7
Suppose -4*g = -9*g - 45. Let p(a) = a**3 + 10*a**2 + 9*a - 2. Let z be p(g). What is the units digit of (z - 1)*(-10 - -7)?
9
Suppose -11*b + 83 = -10*b. Suppose 5*p = -3*t + 232, -101 = -4*p - 4*t + b. What is the units digit of (-1 - -2)*(-7 + p)?
0
Let b(i) = -4*i - 5. Let v be b(4). Let q = 18 - v. Let s = -28 + q. What is the units digit of s?
1
Suppose 6*r = -108 + 324. Let i = r + -30. What is the units digit of i?
6
Let o(h) = -h**3 - 17*h**2 - 32*h + 15. What is the tens digit of o(-16)?
7
Suppose -2*j + 3*t = 9, -2*j - 4*t + 12 = -j. Suppose f + 4*f = u - 34, 4*f + 8 = j. Let r = u - 5. What is the tens digit of r?
1
Let j(t) be the second derivative of -t**6/360 + t**5/24 + 7*t**4/24 + t**3/3 + t. Let h(c) be the second derivative of j(c). What is the units digit of h(6)?
1
Let s(f) = 94*f - 67. What is the units digit of s(5)?
3
Suppose -14*y + 125 = -9*y. What is the units digit of y?
5
Let r(g) = 4*g**2 + g. Suppose 20 = -5*t - 0*t. What is the units digit of r(t)?
0
Let l = 1 + 24. Suppose l - 82 = -h. Suppose 0 = -3*r - 3*o + 45, 5*r + 3*o - h = 7*o. What is the units digit of r?
3
Let p be (-33)/27 + 14/63. Let u(z) = 0*z + 0*z + 12*z**2 + 1. What is the tens digit of u(p)?
1
Let l(a) = -4*a**2 - 3*a + 29. Let z be l(7). Let j = -51 - z. What is the hundreds digit of j?
1
Suppose 4*q = 5*k - 12, -3*k + 9 + 0 = -3*q. Suppose -15 = -k*a - 3*a. Suppose 3*i = a*i - 40. What is the tens digit of i?
2
Let z(b) = 8*b**2 + 6*b - 4. What is the hundreds digit of z(5)?
2
Suppose 3*d + 3 = 6, -2*z = -d + 1. Let t = 9 - z. What is the units digit of t?
9
Suppose 12*s + 6 = 13*s. Let k be 4/s + (-44)/12. Let c(u) = -u**3 + 2*u**2 + 1. What is the units digit of c(k)?
6
Suppose 9*v - 64 = 8. What is the units digit of 6*(92/v)/1?
9
Let k = 6 + -2. Suppose 0*j = 5*j + k*f + 26, 3*f + 10 = j. What is the tens digit of 24 + (-1)/(j - -3)?
2
Let l = -2 + -3. Let y(u) be the first derivative of 2*u**3/3 - u**2 + 10*u - 152. What is the tens digit of y(l)?
7
What is the thousands digit of (57582/56)/(15/20)?
1
Let y(q) = q**2 - 12*q + 10. Let n be y(12). Suppose 12*f - 166 = n*f. What is the units digit of f?
3
Let z(g) = -2*g + 6. Suppose 0 = 3*s + 4*l + l + 8, l = -5*s - 28. Let o be z(s). What is the tens digit of (-2)/o*3*-123?
4
Let w = 366 + -190. Suppose 0 = -5*j + 7*j - w. Suppose -323 + j = -5*b. What is the tens digit of b?
4
Suppose -30 + 12 = -5*m + u, 2*u = -m + 8. Suppose 2*n - m*n = -30. Suppose -6*j + j + n = 0. What is the units digit of j?
3
Suppose 0 = -o + 4, 4*c - 3*o + 20 = -0*o. What is the hundreds digit of c - -3 - -3 - -99?
1
What is the tens digit of (-1)/((-1)/(-1018)*-2)?
0
Let i(n) = n + 17. Let d be i(-14). Let l(m) = 10*m**2 + 15*m - m**3 - 19*m - 6 + 0*m**d. What is the tens digit of l(9)?
3
Suppose 9*j - 19*j = -1880. Suppose 154 = 4*l + 2*n, -2*l - 3*l + j = 4*n. What is the units digit of l?
0
Let p be ((-3)/(-6))/((-4)/(-152)). Suppose p = q - 6*t + 3*t, -q - 5*t = -11. Suppose -y = -2*a - q, y = 4*y + 2*a - 8. What is the units digit of y?
6
Suppose -11456 = -16*b + 8352. What is the hundreds digit of b?
2
Let i(c) = 2*c**2 - c + 1. Let p be i(1). Let g be (4/(-8))/((-2)/8). Suppose -g*m + p = -66. What is the tens digit of m?
3
Suppose 0 = -k + 4 - 2. Let t(l) = l**3 + 4*l**2 - 4*l + 5. Let d be t(-5). Suppose d = k*w - 4 - 14. What is the units digit of w?
9
Let v(g) = -7*g**2 + 8*g**2 + 0*g**2. Let b be v(-2). Let t = 16 - b. What is the units digit of t?
2
Suppose -6*d = -4*d - 8. Suppose -8*r + 25 = -7. Suppose -d*t = -5*j - 8, -r*j = -8 - 8. What is the units digit of t?
7
Suppose 5*x - 5*p + 35 = 0, 7*p - 20 = 5*x + 5*p. What is the hundreds digit of ((-38)/(-57))/((-4)/603)*x?
2
Let x be 2*1 - (-13 - -15). Suppose 0 = 2*v + 2*v - 3*m - 408, 3*m - 12 = x. What is the units digit of v?
5
Suppose -4*w = -2*u - 6007 - 2143, -4*u = 5*w - 10207. What is the units digit of w?
9
What is the tens digit of 56355/153 - (-2)/(-6)?
6
Let f(j) = -j**3 - 6*j**2 - 3*j + 8. Let c be f(-7). Suppose g + c = 2*v - 14, -2*g - 92 = -2*v. What is the tens digit of v?
4
Suppose -243*g + 244*g = 20. What is the units digit of g?
0
Let m = -30 - -34. Suppose 5*j + 10 = m*k - 18, -5*j - 7 = -k. What is the units digit of k?
7
Suppose -2*m + 2*l = -1796, 23*m - 2682 = 20*m - 3*l. What is the tens digit of m?
9
Let c(a) = -a**2 + 5*a + 3. Suppose -5*f = -0*f + 15, 5*f + 15 = -z. Suppose z = -2*v - v + 12. What is the units digit of c(v)?
7
Let f(s) be the second derivative of -s**4/4 - s**3/3 - 7*s**2 + s. Let k be f(-6). What is the tens digit of k/(-4)*(-10)/(-5)?
5
Let t = 266 + 32. What is the units digit of t?
8
Let z(y) = -y**2 - 8*y - 4. Let u be z(-7). Let r be u/1*20/15. What is the units digit of (-46)/(-10) - r/(-10)?
5
What is the units digit of 3/(18/10036) + 565/1695?
3
Let x = -39 + 42. Suppose -x*i + 87 - 8 = y, 15 = 3*i. What is the units digit of y?
4
Let x = -348 - -1601. What is the thousands digit of x?
1
Let z(p) = 4*p**2 - 3 - 1 - 8*p - 2 + p**3 - 2. Let b be z(-5). Let i(l) = 5*l + 1. What is the units digit of i(b)?
6
Let k = 16 - 12. Suppose r - 30 + k = 0. What is the tens digit of r?
2
Suppose 13 = 4*r + 41. Let h(p) = -p**3 - 6*p**2 + 7*p - 4. Let z be h(r). What is the tens digit of ((-312)/16)/(2/z)?
3
Let r(c) = -2*c + 18. Let b be r(8). Suppose o + d + b = 0, 5*d - 3*d = -o - 7. Suppose -5*a = 3*i - 76, o*i - 2*a - 75 = -2*i. What is the tens digit of i?
1
Suppose -5*t - 37 + 287 = 0. Let d(o) = -o**3 + 4*o**2 + o + 1. Let y be d(3). Suppose 0 = 3*b + 4*u - t, -3*u - 49 = -3*b - y. What is the units digit of b?
4
Let a = -420 + 461. What is the tens digit of a?
4
Suppose -2*n = -5*d - 8, 3*d = -3*n + 5 + 7. Suppose n*j = -j + 485. What is the units digit of j?
7
Let v(x) = 6*x - 2*x**2 - 3*x**2 - 2 + 2*x**3 - 4 + 2*x**2. What is the tens digit of v(3)?
3
Suppose -3*n = -3*a - 2253, a - 2245 = -3*n - 0*n. What is the hundreds digit of n?
7
Let w(b) = b**2 - 4*b + 5. Let l be w(4). Let t be 2/(-4) + -2 + (-27)/(-6). Suppose t*k + 2 + 2 = 0, -30 = -4*z + l*k. What is the units digit of z?
5
Suppose 5*w + 0*w = 225. Let g be 30/w + (-1)/(-3). What is the units digit of ((-26 + 3)/g)/(-1)?
3
Let f(x) be the second derivative of -x**3/3 - 4*x**2 - 2*x. Let q be (-4)/(-18) - (-504)/(-81). What is the units digit of f(q)?
4
Suppose -4*s - 25 + 25 = 0. Suppose 2*u + 188 = 4*u - 4*i, u + 4*i - 94 = s. What is the units digit of u?
4
Let y(v) = 5*v**2 + v + 48. What is the units digit of y(-7)?
6
Let t = 254 + 641. What is the tens digit of t?
9
Let i = 97 + 45. What is the units digit of i?
2
Let n(k) = k**2 + 9*k + 6. Let a be n(-9). Suppose 4*y + 47 = 171. Suppose -y = -5*o - a. What is the units digit of o?
5
Suppose y + 26*f = 24*f + 492, 0 = -2*y - 5*f + 981. What is the hundreds digit of y?
4
Suppose -2*o - 5*w = -519, -85 + 343 = o + 2*w. Suppose 11*c - o = 705. What is the units digit of c?
7
Suppose -j = 2*j - 9. Suppose 0 = -j*t + 2*t + 5*h + 28, 0 = -2*h - 10. What is the units digit of ((-8)/(-6))/(2/t)?
2
Let n = 244 + 529. What is the units digit of n?
3
What is the ten